actors of z?
227
Suppose 0 = 2*y - 187 - 235. Let n = y - 172. What are the prime factors of n?
3, 13
Let a(t) = t**2 - 31*t + 303. Let w be a(22). Let v(m) = 186*m**2 - m. Let c be v(1). Let d = c - w. What are the prime factors of d?
2, 5
Let m(t) = 4*t**3 - 5*t**2 - t + 4. Let g be m(-4). Let n = g - -615. What are the prime factors of n?
7, 41
Suppose -3*s + 13*i + 12444 = 12*i, 4*i = 3*s - 12435. List the prime factors of s.
3, 461
Suppose 1268 = -3*t + 7*t. Let s(i) = 98*i + 299. Let d be s(1). Suppose 0 = 5*x + o - d, -t = -4*x - 0*x - o. List the prime factors of x.
2, 5
Let q = 397 - 210. Let x = -14 + q. List the prime factors of x.
173
Suppose 4*u = 4*s + 3492, u - 5*s + 84 = 965. What are the prime factors of u?
13, 67
Let c = 790 - -175. Suppose -5*u + 725 = -c. List the prime factors of u.
2, 13
Suppose 0 = 3*n - 13 - 5. Suppose a - 4*a + 6 = c, 3*a - c = n. Suppose -a*b - 3*b + 815 = 0. List the prime factors of b.
163
Suppose z - 64 = -3*q, -z + 52 = 2*q + 10. Let p = -18 + q. Suppose 4 = -p*w, -4*a + w + 215 = -2*w. List the prime factors of a.
53
Let j(f) = 22*f**2 + 114*f + 144. What are the prime factors of j(-33)?
2, 3, 5, 113
Let f = -1064 - 412. What are the prime factors of ((-1)/2)/(3/(f/3))?
2, 41
List the prime factors of -5 + 30/2 - 105276/(-3).
2, 17551
Let n(c) be the third derivative of 7*c**4/24 - 38*c**3/3 - 2*c**2 - 4*c. List the prime factors of n(13).
3, 5
Let c = 601 + 6650. Suppose -24*m + c = -2109. What are the prime factors of m?
2, 3, 5, 13
Suppose -154 = -5*g - 3*m, -m = g - 0*m - 30. Suppose o - 32 = -4*w, 5*w = 2*o - 5*o + 40. What are the prime factors of -192*(w/g + (-3)/4)?
2, 3
Let z(m) = -m**3 + 25*m**2 - 20*m - 15. Suppose 98 = 4*u + 2*y, -2*y - 1 = -3*y. Let s be z(u). Let t = s - 78. List the prime factors of t.
3
Let r = 24549 - -31403. List the prime factors of r.
2, 13, 269
List the prime factors of (-1)/(5/(-3936))*7*425/238.
2, 3, 5, 41
Let w = 10296 - 9190. List the prime factors of w.
2, 7, 79
Let i(k) = 4346*k**2 + 8*k. What are the prime factors of i(1)?
2, 7, 311
Let u = 27257 - 7924. List the prime factors of u.
19333
Let r(g) = g + 15. Let f be r(12). Suppose 0 = 4*y - 339 + f. What are the prime factors of y - (0 + 0 + 2/2)?
7, 11
Suppose 2*a = -3*t + 76443, -3*a = -20*t + 16*t + 101958. List the prime factors of t.
3, 5, 1699
Let a be ((-12)/28)/(12/(-42))*7106. What are the prime factors of 24/36 + (0 - a/(-9))?
3, 5, 79
Let z(o) = o**3 - 102*o**2 - 35*o - 53. What are the prime factors of z(104)?
17939
Suppose -9536 = -p + 2164. List the prime factors of 48/168 + p/14.
2, 11, 19
Suppose -4*p = -5*n - 313, 87 = 2*p - p - 3*n. Let t = 83 - p. Suppose 180 = t*z - 7*z. List the prime factors of z.
3, 5
Let o = -8062 + 22714. What are the prime factors of o?
2, 3, 11, 37
Let z = -11623 + 20753. List the prime factors of z.
2, 5, 11, 83
Suppose -695944 - 201266 = -27*i. What are the prime factors of i?
2, 5, 3323
Suppose 11*b - 60 = -49. What are the prime factors of (b/(-1))/(3*(-9)/54)?
2
Let m = 217 - 215. Suppose 0*h + m*h - 2*d = 1850, 0 = -h - 4*d + 935. What are the prime factors of h?
3, 103
Suppose 2*d - 4*n - 22 = 0, -12*n = 2*d - 8*n - 46. Suppose -d*c = -12*c - 1590. What are the prime factors of c?
2, 3, 53
Suppose 0*s - 5*s + 390 = 0. Suppose 5*w = s - 48. List the prime factors of w/8 + (3052/16)/7.
2, 7
Let b(q) = -q**2 + 13*q - 5. Suppose 5*g = 3*r + 16 + 1, 0 = -5*g + 4*r + 16. Let p be (-2)/g + (-90)/(-20). List the prime factors of b(p).
31
Let v(i) = 4*i**2 - 37*i - 51. Let b be v(18). Suppose 3 = -8*t + b. List the prime factors of t.
2, 3
Let n = 62 + -62. Suppose 2*v + 9 = -2*u + 25, 5*v = n. Suppose u*b = -b + 783. List the prime factors of b.
3, 29
Suppose 0 = -17*s + 15*s - 3*q + 129460, -5*q = -5*s + 323675. What are the prime factors of s?
19, 3407
Suppose -s + 4*i + 28 + 8 = 0, -57 = -2*s + 3*i. Suppose 26*r - 1768 = s*r. List the prime factors of r.
2, 13, 17
What are the prime factors of -2 + (-88)/(-42) + 461801306/17997?
2, 5, 1283
List the prime factors of (94916/14 + 98/343)*1.
2, 3, 5, 113
Suppose -3*q = 3, q - 9735 = -5*y - 4*q. What are the prime factors of y?
2, 487
Let q = 14 - 10. Let m = 213 - 47. Suppose -2*h + m = q*j, -3*h + 3*j = 2*j - 263. What are the prime factors of h?
3, 29
Let g = -9 + 14. Suppose g = -5*s - 4*i, -4*i = 2*s - 9*i - 31. Suppose s*f + 4 = 1, -2*t + f + 55 = 0. What are the prime factors of t?
3
Let w(i) = -3*i + 15. Let b = -83 + 82. What are the prime factors of w(b)?
2, 3
Let t be 20/(-6)*(-126)/30. Let c = -11 + t. Suppose i + 4*z - 49 = 0, -3*i - c*z + 5*z + 133 = 0. List the prime factors of i.
3, 5
Suppose 53473 = 23*s - 554. What are the prime factors of s?
3, 29
Let x(r) = -r**3 + 68*r**2 + 15*r + 730. List the prime factors of x(21).
2, 5443
List the prime factors of 15*60/75*1006.
2, 3, 503
Let r be (-15)/20*36032/24. Let n = -468 - r. What are the prime factors of n?
2, 7, 47
Let y = 10880 - 9556. What are the prime factors of y?
2, 331
List the prime factors of 217633/7 + 801/(-1869).
2, 5, 3109
Suppose 3*o - 461 = -2*t + 79, -5*t = 5*o - 900. Suppose 5*r - 64 = -2*q + 10, -4*q + o = 2*r. List the prime factors of q.
47
Suppose 0 = 6*r - 10*r - 184. Let o = r + 46. Suppose o = -z - 4 + 25. What are the prime factors of z?
3, 7
Suppose -13761 = -5*j - 2*l, -3*l + 8268 = 3*j + 2*l. Suppose -15*w = -2064 - j. What are the prime factors of w?
3, 107
Suppose -1590 = -5*z + 5*i, 0 = -3*z - i + 440 + 510. Suppose 0 = p + 78 - z. Suppose 3*q + 98 - p = 0. What are the prime factors of q?
47
Suppose -7*u + 2*u = 150. Let y be ((-72)/u + -2)/(2/10). What are the prime factors of -6*(y + 69/(-6))?
3, 19
Suppose z - 57*z + 664216 = 0. List the prime factors of z.
29, 409
Let o(a) = 10 - 2*a - 4*a**3 + 8*a**2 - 6*a + 3*a**3. Let b be o(6). Let j = -2 + b. List the prime factors of j.
2
List the prime factors of ((-893686)/(-424))/((-4 + 68/16)*1).
8431
Let j be 40/(-6)*((-12)/(-5))/(-1). Let n(u) = -u**2 + 17*u + 42. What are the prime factors of n(j)?
2, 29
Let n(i) be the first derivative of i**4 + 2*i**3/3 - 5*i**2 + 125*i - 8. List the prime factors of n(7).
5, 61
Suppose 5*n - 3*o = 342034, 0 = 2*n - 5*o - 145273 + 8448. What are the prime factors of n?
5, 13681
Let t = -698 - -1366. Let s = t - 30. List the prime factors of s.
2, 11, 29
Suppose 4*r + r = 30, -4*t = -4*r - 155164. List the prime factors of t.
11, 3527
Let j = -24353 + 42792. Suppose -9*y - 2950 + j = 0. List the prime factors of y.
1721
Let v be ((-10)/(-3))/(1/(6/4)). Suppose 2411 = v*y + 2*x, 3*y - 1446 = -8*x + 7*x. List the prime factors of y.
13, 37
Suppose 47*n - 294580 = -56*n. What are the prime factors of n?
2, 5, 11, 13
Let p = -31131 - -46707. List the prime factors of p.
2, 3, 11, 59
Let i(z) = 3 + 0*z - 4*z - 1 + 3*z. Let b be i(-1). List the prime factors of 6/(-10)*(-10)/b.
2
Let q = 199 - 204. Let p(t) = 2*t**3 + 10*t**2 - 3*t - 6. What are the prime factors of p(q)?
3
Let k = 6 - 20. Let u be -2 + ((-4)/4 - k). Suppose 0 = u*o - 57 - 229. What are the prime factors of o?
2, 13
Suppose 5*y + 4*v - 8 = 0, 5*v - 38 = -4*y - 37. Suppose 4*w - 508 = -y*r, 0 = -4*r - 5*w + 797 - 288. What are the prime factors of r?
2, 3, 7
Let i(p) = p**3 - 11*p**2 + 5*p - 18. Let r be i(11). Suppose r*l + 203 = 38*l. What are the prime factors of l?
7, 29
Suppose -19767 = -3*z + 5*h, 5*z - 131*h - 32926 = -129*h. What are the prime factors of z?
2, 823
What are the prime factors of ((-40)/(-120))/(227856/75951 + -3)?
3, 29, 97
Suppose 0 = 4*m - 4*q - 3676, 3*q - q = 4*m - 3678. Let t = -646 + m. List the prime factors of t.
2, 137
Let m(x) = 10*x**2 - 3*x + 2. Let i be m(2). Suppose 5*n + i = -n. What are the prime factors of ((-3)/2)/(n/352)?
2, 11
Let y be 2 + (-2 + 3 - -35). Suppose 54*z = y*z + 17536. What are the prime factors of z?
2, 137
Let x(j) = -4*j**3 + 11*j**2 - 4*j - 6. Let s be x(5). Let i = s - -1149. List the prime factors of i.
2, 449
Suppose p - 2241 - 1720 = 997. What are the prime factors of p?
2, 37, 67
Let i(w) = -w**2 + 24*w - 13. Let a(d) = -15*d - 21. Let t be a(-4). Suppose 3*p + 3*f = t, -2*p = -6*p + 5*f + 43. What are the prime factors of i(p)?
131
Let g = 5945 + 5008. List the prime factors of g.
3, 1217
Let z be